factors of 997.
997
What are the prime factors of 13670?
2, 5, 1367
List the prime factors of 20294.
2, 73, 139
What are the prime factors of 496?
2, 31
What are the prime factors of 46578?
2, 3, 7, 1109
List the prime factors of 6254.
2, 53, 59
What are the prime factors of 1397?
11, 127
What are the prime factors of 6485?
5, 1297
What are the prime factors of 26862?
2, 3, 11, 37
What are the prime factors of 50687?
7, 13, 557
What are the prime factors of 11851?
7, 1693
List the prime factors of 79945.
5, 59, 271
List the prime factors of 2668.
2, 23, 29
List the prime factors of 8493.
3, 19, 149
List the prime factors of 4395.
3, 5, 293
List the prime factors of 13700.
2, 5, 137
List the prime factors of 2168.
2, 271
List the prime factors of 13638.
2, 3, 2273
List the prime factors of 18906.
2, 3, 23, 137
List the prime factors of 3356.
2, 839
List the prime factors of 28106.
2, 13, 23, 47
What are the prime factors of 46814?
2, 89, 263
List the prime factors of 4868.
2, 1217
What are the prime factors of 24148?
2, 6037
What are the prime factors of 1269?
3, 47
What are the prime factors of 2639?
7, 13, 29
What are the prime factors of 38139?
3, 12713
What are the prime factors of 44515?
5, 29, 307
List the prime factors of 330.
2, 3, 5, 11
What are the prime factors of 3846?
2, 3, 641
List the prime factors of 1367.
1367
What are the prime factors of 1062?
2, 3, 59
List the prime factors of 16133.
13, 17, 73
What are the prime factors of 24053?
67, 359
List the prime factors of 1985.
5, 397
List the prime factors of 14675.
5, 587
What are the prime factors of 40019?
7, 5717
List the prime factors of 9942.
2, 3, 1657
List the prime factors of 27428.
2, 6857
What are the prime factors of 54954?
2, 3, 43, 71
List the prime factors of 991.
991
List the prime factors of 9915.
3, 5, 661
List the prime factors of 34945.
5, 29, 241
What are the prime factors of 777?
3, 7, 37
List the prime factors of 13281.
3, 19, 233
What are the prime factors of 7792?
2, 487
List the prime factors of 1093.
1093
List the prime factors of 3225.
3, 5, 43
What are the prime factors of 283?
283
List the prime factors of 7652.
2, 1913
List the prime factors of 550.
2, 5, 11
List the prime factors of 1440.
2, 3, 5
What are the prime factors of 6282?
2, 3, 349
List the prime factors of 217.
7, 31
List the prime factors of 289.
17
List the prime factors of 5837.
13, 449
What are the prime factors of 26771?
19, 1409
List the prime factors of 154.
2, 7, 11
What are the prime factors of 1402?
2, 701
What are the prime factors of 826?
2, 7, 59
List the prime factors of 613.
613
What are the prime factors of 112307?
13, 53, 163
What are the prime factors of 2099?
2099
What are the prime factors of 1526?
2, 7, 109
What are the prime factors of 20586?
2, 3, 47, 73
List the prime factors of 7571.
67, 113
List the prime factors of 3895.
5, 19, 41
What are the prime factors of 40163?
40163
List the prime factors of 21434.
2, 7, 1531
List the prime factors of 356.
2, 89
List the prime factors of 90920.
2, 5, 2273
List the prime factors of 879.
3, 293
What are the prime factors of 1680?
2, 3, 5, 7
What are the prime factors of 2412?
2, 3, 67
What are the prime factors of 5603?
13, 431
List the prime factors of 33307.
19, 1753
What are the prime factors of 39468?
2, 3, 11, 13, 23
List the prime factors of 12858.
2, 3, 2143
List the prime factors of 1918.
2, 7, 137
List the prime factors of 5518.
2, 31, 89
What are the prime factors of 118301?
281, 421
What are the prime factors of 33106?
2, 16553
What are the prime factors of 214?
2, 107
What are the prime factors of 58208?
2, 17, 107
What are the prime factors of 1514?
2, 757
List the prime factors of 836.
2, 11, 19
What are the prime factors of 4384?
2, 137
What are the prime factors of 3412?
2, 853
List the prime factors of 7550.
2, 5, 151
What are the prime factors of 100209?
3, 33403
List the prime factors of 2276.
2, 569
What are the prime factors of 6230?
2, 5, 7, 89
What are the prime factors of 8853?
3, 13, 227
List the prime factors of 114238.
2, 57119
What are the prime factors of 3258?
2, 3, 181
List the prime factors of 916.
2, 229
What are the prime factors of 4278?
2, 3, 23, 31
What are the prime factors of 1028?
2, 257
What are the prime factors of 7665?
3, 5, 7, 73
What are the prime factors of 4174?
2, 2087
What are the prime factors of 13325?
5, 13, 41
What are the prime factors of 33190?
2, 5, 3319
List the prime factors of 6381.
3, 709
List the prime factors of 48774.
2, 3, 11, 739
List the prime factors of 33415.
5, 41, 163
What are the prime factors of 19534?
2, 9767
What are the prime factors of 3723?
3, 17, 73
List the prime factors of 1885.
5, 13, 29
What are the prime factors of 28706?
2, 31, 463
List the prime factors of 1947.
3, 11, 59
List the prime factors of 786.
2, 3, 131
List the prime factors of 73629.
3, 101
What are the prime factors of 3126?
2, 3, 521
List the prime factors of 18458.
2, 11, 839
List the prime factors of 6450.
2, 3, 5, 43
What are the prime factors of 1520?
2, 5, 19
What are the prime factors of 709?
709
What are the prime factors of 4796?
2, 11, 109
What are the prime factors of 6302?
2, 23, 137
What are the prime factors of 4276?
2, 1069
What are the prime factors of 6271?
6271
List the prime factors of 81498.
2, 3, 17, 47
What are the prime factors of 1374?
2, 3, 229
What are the prime factors of 1352?
2, 13
What are the prime factors of 14609?
7, 2087
What are the prime factors of 1559?
1559
List the prime factors of 28916.
2, 7229
List the prime factors of 19377.
3, 2153
What are the prime factors of 28779?
3, 53, 181
What are the prime factors of 4280?
2, 5, 107
What are the prime factors of 1346?
2, 673
What are the prime factors of 96827?
96827
List the prime factors of 779.
19, 41
What are the prime factors of 788?
2, 197
What are the prime factors of 9085?
5, 23, 79
What are the prime factors of 3642?
2, 3, 607
What are the prime factors of 2037?
3, 7, 97
What are the prime factors of 6181?
7, 883
What are the prime factors of 685?
5, 137
What are the prime factors of 38356?
2, 43, 223
What are the prime factors of 52690?
2, 5, 11, 479
List the prime factors of 14083.
14083
What are the prime factors of 31949?
43, 743
List the prime factors of 2428.
2, 607
List the prime factors of 89412.
2, 3, 7451
List the prime factors of 1520.
2, 5, 19
List the prime factors of 55537.
19, 37, 79
What are the prime factors of 4888?
2, 13, 47
List the prime factors of 2493.
3, 277
What are the prime factors of 6831?
3, 11, 23
List the prime factors of 496.
2, 31
List the prime factors of 9889.
11, 29, 31
What are the prime factors of 35650?
2, 5, 23, 31
List the prime factors of 14670.
2, 3, 5, 163
List the prime factors of 2104.
2, 263
What are the prime factors of 1226?
2, 613
What are the prime factors of 28861?
7, 19, 31
What are the prime factors of 7785?
3, 5, 173
List the prime factors of 2259.
3, 251
What are the prime factors of 9924?
2, 3, 827
What are the prime factors of 2196?
2, 3, 61
What are the prime factors of 7498?
2, 23, 163
List the prime factors of 19346.
2, 17, 569
List the prime factors of 493.
17, 29
List the prime factors of 1011.
3, 337
List the prime factors of 7240.
2, 5, 181
What are the prime factors of 64450?
2, 5, 1289
What are the prime factors of 48250?
2, 5, 193
What are the prime factors of 7414?
2, 11, 337
List the prime factors of 3048.
2, 3, 127
List the prime factors of 5617.
41, 137
What are the prime factors of 2677?
2677
List the prime factors of 95.
5, 19
List the prime factors of 161030.
2, 5, 16103
List the prime factors of 8613.
3, 11, 29
List the prime factors of 23706.
2, 3, 439
List the prime factors of 125067.
3, 47, 887
List the prime factors of 7608.
2, 3, 317
What are the prime factors of 14507?
89, 163
List the prime factors of 776.
2, 97
What are the prime factors of 8280?
2, 3, 5, 23
What are the prime factors of 778?
2, 389
What are the prime factors of 7286?
2, 3643
List the prime factors of 3260.
2, 5, 163
List the prime factors of 5133.
3, 29, 59
What are the prime factors of 671?
11, 61
List the prime factors of 1824.
2, 3, 19
What are the prime factors of 259?
7, 37
What are the prime factors of 4937?
4937
List the pr